mmon divisor of y and 22.
2
Suppose b + 4*t = 48, b + 3*t = 5*b - 249. Suppose 4*q + 0*q = b. What is the highest common factor of q and 45?
15
Suppose -3*s - 2*k + 92 = 3, 0 = -s + 2*k + 43. Let j = 64 - 53. Calculate the highest common factor of s and j.
11
Suppose 3*j + 5 + 4 = 0. Let l be (0 + j + 17)*1. Calculate the highest common divisor of l and 42.
14
Suppose -81 - 3 = -2*q. What is the greatest common divisor of q and 6?
6
Suppose -116 - 2 = -5*g - 3*o, -2*o + 2 = 0. What is the highest common factor of g and 92?
23
Suppose -4*u + 11 = -13. Calculate the greatest common factor of u and 6.
6
Suppose 3*s - 54 = -2*c, -17 = -5*s - 4*c + 75. Let y be (s/(-5))/(10/(-25)). Calculate the highest common divisor of 20 and y.
4
Let r = -19 + 75. What is the highest common divisor of r and 7?
7
Let x(t) = 24*t + 6. Let w be x(2). What is the highest common divisor of 81 and w?
27
Let y be (-1)/(-2*(-1)/(-18)). Calculate the highest common factor of y and 9.
9
Let d = 80 + -25. What is the greatest common divisor of 11 and d?
11
Let n(s) = 2*s**2 - 8*s - 7. Let a be n(7). Calculate the greatest common factor of 35 and a.
35
Let c = -77 - -86. What is the greatest common factor of 1 and c?
1
Let m(t) = -6*t - 34. Let y be m(-18). Calculate the greatest common divisor of y and 111.
37
Let d = 48 + -28. Suppose 3*x - 3*f + 4*f - 20 = 0, 5*x = -4*f + 38. Suppose -3*a - x = 0, -5*a + 0*a = s + 5. What is the greatest common divisor of d and s?
5
Suppose -9*l - 4*l + 104 = 0. Calculate the highest common factor of 4 and l.
4
Suppose -q - 4 = -4*u, -2*u + q - 3 = -5*u. Let w = u + -1. Suppose w = -5*k + 43 + 232. What is the greatest common divisor of k and 22?
11
Let h = 23 - 8. What is the greatest common factor of 3 and h?
3
Suppose 5*u - 45 = 5*z, -4*z - 10 = 2*u - 4*u. Suppose 3*o = -l + 153, 11 = -5*l - 4. What is the highest common factor of o and u?
13
Let z(g) = 4*g + 12. Let w be z(-6). Let v be 7*(0 + w/(-4)). Let i = 430 - 241. What is the greatest common divisor of i and v?
21
Let c = 56 - -44. Suppose 15 = 2*o - 7*o. Let k be (200/15)/((-1)/o). Calculate the greatest common divisor of k and c.
20
Suppose 5*n + 3*g = -g + 131, 4*n + g = 96. What is the highest common divisor of 69 and n?
23
Let s = -122 + 209. Let o = s - 125. Let l be (-6)/10 - o/5. Calculate the greatest common factor of l and 35.
7
Suppose 0 = -10*w + 422 + 58. Calculate the greatest common divisor of 3 and w.
3
Suppose 0 = -6*x - 29 + 35. Let y be -1*(-1)/(1/7). Calculate the greatest common divisor of x and y.
1
Suppose -187 - 408 = -17*l. Calculate the highest common divisor of l and 7.
7
Suppose 5*p + 19 = 4*h, -2*h + h - 3*p = 8. Let r(i) = 9*i**3 + i. Let l be r(h). What is the highest common factor of l and 25?
5
Suppose 639 = 4*s - s + 3*p, 4*s = 2*p + 834. Calculate the greatest common divisor of 21 and s.
21
Suppose 2*w + 9 = 5*a, 10*a = 5*w + 5*a. Let g be (12 + -3)*(1 + 0). What is the greatest common divisor of g and w?
3
Suppose -5*x = -w + 14, 0 = 4*w - x - 56 - 0. Calculate the highest common divisor of w and 42.
14
Suppose 0 = -4*u - t + 9 - 0, -4*t = u - 6. Suppose -2*g + 5*z = u*g - 3, 5*z - 1 = 2*g. Let b = 10 - 0. What is the highest common factor of g and b?
2
Suppose -12 = -3*m + m. Let q be -1*(-58 + 2) - 2. Calculate the greatest common divisor of m and q.
6
Suppose -4*r - 4*d - 5 = -r, 3*r = 5*d + 40. Suppose z - 3*v = 10, -4*v - 17 = -r*z + 33. What is the highest common divisor of 10 and z?
10
Suppose -2*x + 98 = 2*y, 2*x - 11 = -1. Calculate the highest common factor of y and 4.
4
Let o = -19 + 21. Suppose 0 = -5*d + 6*r - o*r + 270, -2*r - 54 = -d. What is the highest common divisor of d and 6?
6
Let t = -103 - -115. Calculate the greatest common factor of t and 60.
12
Suppose 26 = 2*c - 0. Let x(o) be the first derivative of 22*o**3/3 + o**2 - o + 1. Let b be x(2). Calculate the greatest common divisor of b and c.
13
Let q = -322 - -54. Let c be (-2)/13 + q/(-52). Suppose c*a - 6*a + 28 = 0. What is the highest common factor of a and 70?
14
Suppose -2*h = -7*h + 20. Suppose 262 = 5*r - f, -h*f = -2*r + f + 114. What is the highest common divisor of r and 13?
13
Let l be 1803/15 - (-1)/(-5). Suppose -7*p + l = -3*p. Calculate the highest common factor of 5 and p.
5
Let k(n) = 3*n**2 - 2*n + 9. Let c be k(-4). Calculate the highest common factor of c and 13.
13
Suppose 0 = 5*w + 6*h - 5*h - 110, -4*w + h = -97. Let s be 0 + 1 + 0 + 183. What is the highest common factor of w and s?
23
Let h be ((-155)/4)/(4/(-16)). Suppose -2*c + 133 = -h. What is the greatest common divisor of 16 and c?
16
Let p = 617 - 104. Calculate the greatest common divisor of p and 57.
57
Suppose -5*n + 2*l = -64, 2*l - 20 = 4*n - 5*n. What is the highest common divisor of 14 and n?
14
Let j = 13 + -8. Suppose 108 = 3*i + 3*g, 3 - 195 = -j*i - 2*g. What is the highest common divisor of 5 and i?
5
Let t(a) = -a**2. Let y(j) = 2*j**2 + 4*j + 1. Let h(p) = t(p) + y(p). Let v be h(-5). What is the highest common factor of 24 and v?
6
Let t be 5*(-1 - 3/(-5)) + 9. Suppose 4*v + 17 = 73. What is the greatest common factor of v and t?
7
Let i be (2/(-4))/((-3)/60). Suppose 3*g = -0*g + 6. Let t(l) = 15*l. Let y be t(g). Calculate the greatest common factor of y and i.
10
Suppose -8*h + 30 = -3*h. Calculate the highest common factor of 30 and h.
6
Suppose 2 = w - 0. Suppose b + 2*b = -4*f + 132, -2*b + w*f = -74. Suppose 4*q = -q + 80. Calculate the highest common divisor of q and b.
8
Suppose 5*v = -g + 19, -v + 12 = 3*v. Let u = g + 0. Calculate the greatest common divisor of 4 and u.
4
Let h = 188 + -126. What is the greatest common factor of h and 31?
31
Let d = 7 - 3. Let r(n) = 2*n**2 - 5*n - 2. Let x be r(d). Calculate the highest common factor of x and 10.
10
Let a(f) = f**2 - 2*f + 3. Let s be a(4). Calculate the greatest common divisor of s and 88.
11
Suppose 3 = -5*z + 13. Suppose m - 114 = -z*m. Calculate the greatest common factor of m and 57.
19
Suppose 4 + 0 = -v. Let u(p) = p**2 + 4*p + 1. Let k be u(v). Suppose 4*o = -5*w + 41, w - 2*o + 2 + k = 0. Calculate the greatest common divisor of 55 and w.
5
Let p be ((-6)/(-7))/((-2)/(-14)). Let i be 1 - 4/((-8)/p). What is the highest common factor of 1 and i?
1
Let y(c) = 23*c**3 + 2*c - 1. Let x be y(1). Suppose f + 18 = l, 2*l = l - 2*f + x. What is the highest common divisor of l and 30?
10
Let o(s) = -s**3 - s**2 + s + 21. Let k be (-1 + 1)/(1 - 0). Let u be o(k). Calculate the greatest common divisor of u and 7.
7
Suppose 0 = 5*y + 2*d - 85 - 3, 0 = 4*y + 2*d - 72. What is the greatest common divisor of y and 56?
8
Suppose -12 = -d - 5*p, -3*p = 3*d - 0*p - 72. Let g(r) = -3*r - 1 + 0 - 2. Let m be g(-4). What is the highest common divisor of m and d?
9
Suppose -10*j - 3*y = -6*j - 75, -y = 5*j - 91. Calculate the highest common divisor of 12 and j.
6
Let h(p) = p**2 - 3*p - 3. Let t be h(5). Suppose r - 4 = t. Suppose 3*u + 12 = 78. Calculate the highest common factor of u and r.
11
Suppose y + z = 31, 0*y + 2*y - 4*z = 68. Let i = 78 - -2. What is the highest common factor of i and y?
16
Suppose 3*f - 19 = -4. Calculate the highest common factor of 20 and f.
5
Let y(k) = k**2 + k. Let n be y(-3). Suppose 0*c = 2*c + 2. Let j = c + n. Calculate the highest common factor of 15 and j.
5
Suppose 3*p = 2*z + 20, 2 = 5*p + 2*z - 10. Suppose -16 - 17 = -2*g - q, p*g - 81 = 3*q. Calculate the greatest common factor of g and 36.
18
Suppose 16 + 8 = 4*w. Let d be ((-18)/(-6))/(w/20). What is the greatest common factor of 25 and d?
5
Let y(m) = 2*m - 5. Let h be y(4). Suppose h*c = 7 + 74. Let n be (-2)/(-7) + (-61)/(-7). What is the highest common divisor of n and c?
9
Let m be 6 + -8 - 29*-2. What is the greatest common factor of 28 and m?
28
Let p(v) = v**3 - 3*v**2 + v - 3. Let m be p(3). Let j be (m - -46) + 0 + 4. What is the highest common factor of j and 10?
10
Let t = 8 - 6. Suppose -i - t*i = -45. Suppose -4*f = -l - 7, 5*f + 0 = -3*l + 30. What is the greatest common factor of i and l?
5
Suppose -6 = -z - 3*p, -2*z - 3*z - 5*p + 50 = 0. What is the greatest common divisor of z and 20?
4
Let k(b) = b**3 + 5. Let j be (-2)/(-5) - 6/15. Let g be k(j). What is the highest common divisor of 25 and g?
5
Let 